pose -a*n + 0*n = -5*c + 107, 2*n = 5*c - 111. List the prime factors of c.
23
Suppose -4*m = -5*c + 622, -m = 3*c + 2*m - 384. List the prime factors of c.
2, 3, 7
Suppose -985 = -4*y + 5*k, 0 = y - 3*y + 3*k + 495. What are the prime factors of y?
2, 3, 5
Let t be (-10)/(-45) - 122/(-18). Suppose -3*s = -t*s + 40. What are the prime factors of s?
2, 5
Let m(j) = -6*j - 2. What are the prime factors of m(-5)?
2, 7
Let f = 13 - 8. Suppose 0 = f*o, g + 6*o - 14 = 2*o. What are the prime factors of g?
2, 7
Let x(l) = -l**2 + 14*l + 1. What are the prime factors of x(7)?
2, 5
List the prime factors of 2/(((-8)/(-54))/2).
3
Let k(a) = 3*a**2 + 3*a + 4. What are the prime factors of k(4)?
2
Suppose m = -n + 3*n + 27, 5*m - 27 = n. Let g = -9 - n. What are the prime factors of g?
3
Suppose 12 = -0*i + 4*i. Suppose 0 = -i*r - r + 72. List the prime factors of r/(-4)*6/(-9).
3
Let k(g) = -4*g + 2. Let m(z) = z - 1. Let c(p) = 2*k(p) + 4*m(p). Let s(u) = u + 13. Let f be s(-14). List the prime factors of c(f).
2
Let j(s) be the third derivative of s**6/8 - s**5/30 + s**3/6 + 6*s**2. List the prime factors of j(1).
2, 7
Suppose 4*n - 3*n - 148 = 2*y, 0 = n + 2*y - 128. List the prime factors of n.
2, 3, 23
Let p be (-4)/(-8) - (-18)/4. Suppose -2*g = 3*v - 3, p*g + 0*v = v + 50. Let f = -2 + g. What are the prime factors of f?
7
Let x(y) = -4*y - 3. Let j be x(-2). Let t be 3/(-2 - -5)*7. Suppose 0 = 2*d - 2*q - 23 - 3, j*q - t = -d. List the prime factors of d.
2, 3
Suppose -2*f = s - 3 + 8, 0 = 5*f + 25. Suppose 5*o - 5*c = 55, -s*c - 34 = -3*o + o. What are the prime factors of o?
7
Suppose -2*i - 4 = -3*i. Suppose -5 - i = -3*o. List the prime factors of 1 + (0 - o) - -20.
2, 3
Suppose -18 - 22 = 5*u. Let r be u/36 - (-79)/(-9). Let m = 16 + r. List the prime factors of m.
7
Suppose -42 = -k - p, -2*p - 77 = 4*k - 239. List the prime factors of k.
3, 13
Let m(p) = -13*p + 5. Let v be m(-7). Suppose -6*a = -2*a - v. List the prime factors of a.
2, 3
Let w(m) = -m**3 - 14*m**2 - 2*m + 6. What are the prime factors of w(-14)?
2, 17
Let m = -7 + 28. Let u(n) = n**3 - 5*n**2 + n. Let p be u(5). Suppose p*o - 14 = m. What are the prime factors of o?
7
Let s(v) = -v**3 + v**2 + v - 1. Let k be s(1). Let f be (-1)/(-3)*(-6)/(-2). List the prime factors of k - ((-5 - f) + 0).
2, 3
Let y = -3 - -9. What are the prime factors of y?
2, 3
Let u(r) = 4*r**3 - 2*r**2 + r. Let w be u(2). Suppose 2*x = w - 12. List the prime factors of x.
7
Let r = -45 + 136. List the prime factors of r.
7, 13
Suppose 5*d = 2*d + 27. List the prime factors of d.
3
Suppose 8 = p + 4. Suppose 2*l - 17 = -0*l - 5*j, -20 = -p*l + 4*j. List the prime factors of l.
2, 3
Let q(n) = n + 6. Let a be q(-7). Let s = 1 + a. Suppose -5*b + 5*l = -15, 6*b - 4*b + 5*l - 13 = s. What are the prime factors of b?
2
Let k be (-129)/6 + 3/2. List the prime factors of k/(-5) + (-1 - -1).
2
Let g = 4 - 2. What are the prime factors of g/(-3) - 28/(-6)?
2
Let q(i) = -i**3 - 5*i**2 + 7*i + 3. Suppose 0 = -r - 6. Let s be q(r). What are the prime factors of s/(-15) + 44/5?
3
Let i be -3 - -14*1/(-2). Let p = i - -26. List the prime factors of p.
2
Suppose -40 = -3*n - 5*z + 78, -3*n = -5*z - 68. Let d = n - 14. What are the prime factors of d?
17
Let l(g) = g**3 - 8*g**2 + g - 5. Let y be l(8). Suppose 0 = -0*r + r - y. Suppose -r*p = 5*u - 33, -3*p + 2*u + 6 = -p. List the prime factors of p.
2, 3
Let g(q) = 6*q**2 + 7*q + 1. Let i(u) = 6*u**2 + 6*u + 1. Let n(h) = -4*g(h) + 5*i(h). Let b be n(-2). Let p = -14 + b. List the prime factors of p.
7
Let m(v) = -v**2 - 4*v - 3. Let n be m(-3). Let w(f) = -f**3 + 3. Let p be w(n). Suppose 2*b + p*y + 1 = 9, -b = -4*y - 26. List the prime factors of b.
2, 5
Let w(q) = -33*q + 3. Let i be w(2). Let p = i - -106. Suppose -3*l - p = -4*k, 3*l + 2 = -2*k + 19. List the prime factors of k.
2, 5
Let p be -2*(64 + 2)/2. List the prime factors of (-384)/p - (-4)/22.
2, 3
Suppose 155 = 2*m + 4*g - 3*g, -5*g - 303 = -4*m. List the prime factors of m.
7, 11
Suppose -7*q = -2*q - 70. Suppose 7*k - 8*k + q = 0. List the prime factors of k.
2, 7
Let k = -213 + 152. Let l = -31 - k. Suppose -6 = -4*v + l. List the prime factors of v.
3
Let m(k) = -10*k + 4. Let u be m(-3). Suppose 0 = 2*b + 2, -2*a + 91 = -6*a + 5*b. Let p = a + u. What are the prime factors of p?
2, 5
Let g = 1 + -8. Let t = 2 - g. List the prime factors of (-65)/(-9) - 2/t.
7
Let o(y) = -y**3 - 33. Let k be o(0). Let h = -29 + 11. Let c = h - k. What are the prime factors of c?
3, 5
Let f = -20 + 28. Suppose 22 = r + f. What are the prime factors of r?
2, 7
Let z(j) = 2*j**2 + 15*j + 9. What are the prime factors of z(-10)?
59
Suppose 2*y + 4*t = 3*y + 13, -3*y - 4*t + 25 = 0. Suppose -y*m = m. What are the prime factors of 1/(1/7 + m)?
7
What are the prime factors of 3 - 0/(3 - 4)?
3
Suppose 27 = 2*h - 27. Suppose -5*j + 0*j + h = 4*g, 2*g + 25 = 3*j. What are the prime factors of j?
7
Let h(p) = -3*p - 15. List the prime factors of h(-12).
3, 7
What are the prime factors of 8/(-84)*9*-42?
2, 3
Suppose 0 = -14*n + 1321 + 1087. What are the prime factors of n?
2, 43
Let f = 11 + 1. Suppose -f = -3*k + k. Suppose -k = 3*v - 5*v. What are the prime factors of v?
3
Let y be 22 - -3 - (1 - 3). Suppose y = 3*q + 3*l, -2*l + 2 = -3*q + 14. Suppose 2*f + f - q = 0. What are the prime factors of f?
2
Suppose -d + 40 = 3*v + v, 146 = 3*d - v. What are the prime factors of d?
2, 3
Let r(v) = v**2 - 17*v - 14. List the prime factors of r(19).
2, 3
Let o(s) = -s**3 + 5*s**2 + 6*s - 2. Let w be o(5). Suppose 5*z = z - w. Let k = z - -15. What are the prime factors of k?
2
Let u = 75 - 70. Suppose -i - 38 = 4*i + 2*o, 0 = 3*i + 3*o + 21. What are the prime factors of i/(-20) + 83/u?
17
Let d(x) = x**2 - 7*x - 30. What are the prime factors of d(22)?
2, 3, 5
Let h(k) = -k**2 + k + 2. Let v be h(2). Suppose v = -g + 7 + 2. What are the prime factors of g?
3
Let g be (-15)/(-4) + (-2)/(-8). Let q = 1 - -3. Suppose 5*y - g = 3*k, 4*k - 46 = -q*y + 2. What are the prime factors of k?
7
Let w(f) = 2*f - 2. Let t be w(4). Let b(s) = -3*s + 2. Let h(a) = -4*a + 1. Let j(i) = -3*b(i) + 2*h(i). What are the prime factors of j(t)?
2
Let g = -1 - 0. Let w = -2 + g. What are the prime factors of (-39)/w + 2*-1?
11
Let n(k) = -k**2 + 11*k - 8. Let u be n(10). Suppose 0*r + 3*r + 4*q = 59, -u*r + q = -21. What are the prime factors of r?
13
Let k = -22 - -26. What are the prime factors of k?
2
List the prime factors of 62 - (4 - (-3 + 3)).
2, 29
Let u be (-4 - -2)/(0 - 2). Let g = 13 + u. Let t = g - 8. List the prime factors of t.
2, 3
Suppose -5*d + 21 = -9. Suppose -c = 2*c - d, 3*c = k - 54. List the prime factors of ((-5)/4)/((-5)/k).
3, 5
Let v(u) = u**2 + 3*u - 7. Let f(l) = -l**2 + 7*l + 11. Let s be f(9). What are the prime factors of v(s)?
3, 7
Suppose -m - 4 = -3*m. Let j be 38/m - (0 - 0). Let a = j - 9. List the prime factors of a.
2, 5
Let y = -14 + 10. Let d be y/(-1) - (0 + 1). Suppose -j + d*j - 6 = 0. What are the prime factors of j?
3
Let m(w) = 2*w**2 - 2*w - 5. Let b be m(4). Suppose -v = 5*y + 17, v = y - 5 - 6. Let a = b + v. List the prime factors of a.
7
Let m(b) = -7*b + 1. List the prime factors of m(-1).
2
Let c = 36 + -19. Suppose -z = 2*q + z - 14, 2*q + 3*z = c. What are the prime factors of q?
2
Let l = 4 + -1. Suppose l*o + 2*o = -5. List the prime factors of 2 - -13*(o + 2).
3, 5
Suppose 55 = 4*r - 77. List the prime factors of r.
3, 11
Let v = 2 + 0. Let m(q) = 3*q**2 - q - 1. What are the prime factors of m(v)?
3
Let t(h) = h**3 - 17*h**2 - 14*h. List the prime factors of t(18).
2, 3
Suppose 170 = 6*s - 442. What are the prime factors of s?
2, 3, 17
Let j be (3 - 2)/(1/8). Suppose 0*g = 2*g - j, 5*g = 3*u - 13. List the prime factors of u.
11
Suppose x - 4*x - 6 = -3*s, 2 = -4*s - x. Suppose s*v = -v + 3. What are the prime factors of v?
3
Suppose -8 = 4*t + 4, -4*r = -5*t - 715. List the prime factors of r.
5, 7
Let o = 57 + 71. Suppose -70 = -2*p + c, -4*p - 5*c + c = -o. What are the prime factors of p?
2, 17
List the prime factors of (-120)/6*(-9)/6.
2, 3, 5
What are the prime factors of ((-7)/((-35)/18))/(7/35)?
2, 3
Suppose 2*x = -3*x - 3*n + 932, -3*n + 12 = 0. List the prime factors of x.
